re the prime factors of z?
79
Suppose 5*x + 0*b - 2*b - 284 = 0, 3*x - 170 = b. Let q = x - -25. What are the prime factors of q?
3
Let j(r) = -2*r - 2. Let t be j(-4). Suppose -t*n + 581 = 227. What are the prime factors of n?
59
Let h(q) = 2*q**3 - 25*q**2 + 10*q - 26. List the prime factors of h(15).
1249
Suppose 0 = 10*y - 3198 - 5032. What are the prime factors of y?
823
Suppose 16*h - 15*h - 3*o - 2432 = 0, 4809 = 2*h + 5*o. List the prime factors of h.
2417
Let m = 7848 - 5289. What are the prime factors of m?
3, 853
Let d(b) = -6*b + 9*b + 5 - 4*b + 0*b. Let s be d(2). Suppose 0 = 4*q + k - 3*k - 120, 3*k - 90 = -s*q. What are the prime factors of q?
2, 3, 5
Let j = 2514 + 1721. List the prime factors of j.
5, 7, 11
Let g(m) = -22*m + 21. Let f be g(-4). Let i = 54 + f. List the prime factors of i.
163
Suppose -l + 894 = 3*d - 1773, -l + 2*d + 2657 = 0. What are the prime factors of l?
3, 887
Let k(m) = 2*m**2 - 30*m - 48. What are the prime factors of k(25)?
2, 113
Let z be (2 - (4 - 0)) + 5. Suppose 411 = z*c + 27. Let p = c - 75. List the prime factors of p.
53
Let y(s) = 156*s**3 + s**2 + 2*s + 1. Let x be y(-1). Let u be (4/(-6))/(2/x). Suppose 21*f = 17*f + u. What are the prime factors of f?
13
Let d be (0 - 0/4)/(-2). Suppose d = -3*a + 2*m + 144, -2*m = 4*a - 5*m - 192. Suppose 4*p = -4 + a. What are the prime factors of p?
11
Let s(c) = -17*c + 0 - 6 + 6*c. Suppose -7*f = 33 + 16. List the prime factors of s(f).
71
Let j be (84/(-30))/(-7) + (-2136)/(-10). What are the prime factors of j + (-1 - -2) + 4?
3, 73
List the prime factors of (-35484)/16*136/(-102).
2957
Let s(u) = 140*u**3 + 3*u**2 + 6*u - 17. List the prime factors of s(3).
2, 7, 17
List the prime factors of 28/8*(-103152)/(-196).
2, 3, 307
Let d(s) = 4*s + 16. Let t be d(9). Let a = t - 18. List the prime factors of a.
2, 17
Suppose 13*g - 3*s = 17*g - 728, 5*s + 875 = 5*g. List the prime factors of g.
179
Let a(u) = 5*u - 12. Let q be a(15). Suppose 2*p - 41 = q. What are the prime factors of p?
2, 13
Suppose 35 = 5*i + 10. Suppose i*p - 99 - 7 = -3*g, 0 = 5*p + g - 112. List the prime factors of p.
23
Suppose -d + 5 = -4*z, -2*d + 3*z + 1 = -4. Let w = d + -4. List the prime factors of w/6 - (-21)/6.
3
Let q = -3359 - -5632. What are the prime factors of q?
2273
Suppose 12*a = -21 - 3. What are the prime factors of (-3 + 0)*99/27*a?
2, 11
Let r = -83 - -136. Let s = r + -8. What are the prime factors of s?
3, 5
Suppose 225 = 3*f + 54. Suppose 63 = 5*n + 16*n. Suppose -9 - f = -n*j. What are the prime factors of j?
2, 11
Let f be 2/5 + (-8)/(-5). Suppose -2*x - f*x = -24. Suppose -2*q = 2*q - 4*l - 24, 2*q - x = -4*l. What are the prime factors of q?
5
Suppose -5134 + 32184 = 25*k. List the prime factors of k.
2, 541
Suppose 0*z + 66 = 3*z. Let p be (-162)/(-39) - 6/39. What are the prime factors of (-84)/(-22) + p/z?
2
Let x be 2/6*(-7 - 2). Let t be (-10)/x*6/5. What are the prime factors of 3*t/(-24)*-104?
2, 13
Let u be 26/(-39) - 8/(-3). Suppose -4*w - 35 = 5*p, 2*w = 2*p - u*w - 14. What are the prime factors of 15/((-4)/p + -1)?
3, 5
Let r(d) = 2*d**3 + 9*d**2 + 6*d + 15. Let u(o) = -o**3 - 3*o**2 - 2*o - 5. Let m(i) = -3*r(i) - 8*u(i). What are the prime factors of m(3)?
2
Suppose 100*g - 99*g - 98 = 0. What are the prime factors of g?
2, 7
Suppose 0 = -4*y + 9*y - 3*a - 4567, 4*y + 3*a - 3632 = 0. List the prime factors of y.
911
Let l = -1744 - -2929. What are the prime factors of l?
3, 5, 79
Let r be (-175 - -1)*(-3 - -2). List the prime factors of r/1*(-2)/(-4).
3, 29
Suppose -5*w + 5*q - 45 = 0, 3*q - 2*q = 4*w + 48. Let k = w - -15. Let v = 11 - k. List the prime factors of v.
3
Suppose 0 = -5*p + 5*n + 10 + 10, 24 = 3*p + n. Suppose 2*a - p = 117. What are the prime factors of a?
2, 31
Suppose 3*h - 8153 = -2369. What are the prime factors of h?
2, 241
What are the prime factors of (-6)/30 - 3641/(-5)?
2, 7, 13
Let q(z) = -z + 1. Let j(m) = -13*m + 5. Let c(p) = j(p) - 4*q(p). Let y(s) = -s**3 - 1. Let r be y(0). What are the prime factors of c(r)?
2, 5
Let q = 1239 - 342. What are the prime factors of q?
3, 13, 23
Suppose n - 980 = y, -n - 4*y + 1558 = 598. What are the prime factors of n?
2, 61
Let d(x) = -5*x**3 - x + 4*x**3 - 2*x**2 + 2*x**2 - 1. What are the prime factors of d(-4)?
67
Let x be 0*2*(-2)/(-4). Suppose x = 3*o - 161 - 241. List the prime factors of o.
2, 67
Let q(s) = 4*s**3 + 5*s**2 - 7*s + 1. What are the prime factors of q(4)?
3, 103
Suppose p + 226 = f, 5*p - 1150 = -10*f + 5*f. What are the prime factors of f?
2, 3, 19
Suppose 0 = u - 5*b + 11, 3*u = -2*b - 0*b + 1. Let z be ((-8)/(-4) - u) + 5. What are the prime factors of 162/8 - 2/z?
2, 5
Let a = 10 + -10. Let u be 4 - (a + (-4 - -5)). Suppose 0*q + 3*q - 90 = -u*d, 2*q = -4. What are the prime factors of d?
2
Let g(l) be the second derivative of l**4/12 - 5*l**3/6 + 13*l**2/2 + 15*l. What are the prime factors of g(6)?
19
Let s(b) = 3*b + 2. Let t be s(1). Suppose -o + 55 = -5*u, t*u = -o + 51 + 14. What are the prime factors of o?
2, 3, 5
Suppose 2943 = q + 1001. List the prime factors of q.
2, 971
Suppose -2*f = -6*f - 88. Let q = f - -9. Let l = 21 + q. What are the prime factors of l?
2
Let z be 1 - -3 - 6 - -4. Suppose 5*r - 35 = -15, -y + 240 = 4*r. Suppose -z*h = -6*h + y. What are the prime factors of h?
2, 7
Let x = 112 - 10. Suppose 39*i + x = 40*i. List the prime factors of i.
2, 3, 17
Let l = -22 - -29. List the prime factors of 82 - (-4 + l)/3.
3
Suppose -3*w + 2 = -4. Suppose 0 = 2*z + w*d - 218, 3*z - 4*z + 111 = -d. What are the prime factors of z?
2, 5, 11
Let h(f) = 2*f**2 + 20*f + 29. Let p be h(-9). Suppose -p*n - 171 = -14*n. What are the prime factors of n?
3, 19
Let k(h) = h**3 - 3*h**2 - 15*h - 16. What are the prime factors of k(9)?
5, 67
Suppose -917 = -2*k - 2*n + 2107, 0 = 5*n - 15. What are the prime factors of k?
3, 503
Suppose 3*f = 3*d + 378, -128 = -f - 0*d - d. Suppose -3*b + f = -41. What are the prime factors of b?
2, 7
Suppose -3*y + 2*g = -2*g + 25, -3*g + 3 = 3*y. Let v be (y/(-4))/(3/8). Suppose -k - p = 2*p - 24, -v*k - p + 43 = 0. What are the prime factors of k?
3, 7
Let p = -1 - -15. Suppose 2*o + 5*w = -5, o + 0*o - 3*w - p = 0. What are the prime factors of o?
5
Let f = 477 + -691. Let y = -150 - f. List the prime factors of y.
2
Suppose 0 = -4*u + 3375 - 415. What are the prime factors of u?
2, 5, 37
Let o = -9 + 12. Suppose 4*n + o*n - 203 = 0. List the prime factors of n.
29
Let s(r) = r**3 + 17*r**2 + 15*r - 11. Let x be s(-16). Suppose 0 = w + x*w. Suppose 3*h = 5*c + 26, 3*h + 5*c + 0*c - 16 = w. What are the prime factors of h?
7
Let b(t) = 65*t - 128. What are the prime factors of b(8)?
2, 7
Let g(w) = -w**3 + w**2 + w + 12. Let k be g(0). Suppose -u + 0 = k. List the prime factors of (76/10)/(u/(-30)).
19
Suppose 10*y - 30*y + 17920 = 0. List the prime factors of y.
2, 7
Suppose -2*d = -76 - 32. List the prime factors of d/(-4)*(-260)/39.
2, 3, 5
Let q be 9/3 - -24 - -2. Let a = q - -10. What are the prime factors of a?
3, 13
Let w = 2 - 5. Let s be (w/(-5))/(3/465). Suppose -6*c + 303 = s. What are the prime factors of c?
5, 7
Let q(m) = -m**3 + 26*m**2 - 37*m - 26. What are the prime factors of q(24)?
2, 7, 17
Let d(a) = -a**3 + 5*a**2 - 13. Let k be d(4). Suppose -k*j + j + 3*y = -105, 5*y = 5*j - 270. What are the prime factors of j?
3, 19
Let f be ((-2)/(-3))/((-10)/(-45)). Suppose 8*b = f*b. Suppose b - 48 = -4*x. What are the prime factors of x?
2, 3
Let r = 1236 + 1296. What are the prime factors of r?
2, 3, 211
Let n = -3396 - -4989. List the prime factors of n.
3, 59
Let s be (924/10)/(33/110). Let w = -209 + s. List the prime factors of w.
3, 11
Let d = 912 + -452. Suppose 0*y + d = 5*y. What are the prime factors of y?
2, 23
Suppose -b = -4*t - 71, 2*b - 74 = 4*t - 0*t. Let d = t + 21. Suppose -3*z = 3*x - 81, -d*z + 2*x = -8*z + 110. List the prime factors of z.
2, 7
Suppose -4*j = -p + 1462, 5*p + 2793 - 10027 = j. What are the prime factors of p?
2, 3, 241
Let q(v) = v**2 - 14*v - 9. Let j be q(15). What are the prime factors of j/9 + (-172)/(-3) - 3?
5, 11
Let f(l) = 3*l**2 + 2*l - 23. What are the prime factors of f(-8)?
3, 17
Let c(a) = 2*a**3 - 13*a**2 - 11*a + 85. What are the prime factors